{"id":412,"date":"2021-12-23T17:15:13","date_gmt":"2021-12-23T20:15:13","guid":{"rendered":"https:\/\/www.neodentalortodoncia.cl\/web\/?page_id=412"},"modified":"2024-05-14T10:31:28","modified_gmt":"2024-05-14T13:31:28","slug":"consulta","status":"publish","type":"page","link":"https:\/\/www.neodentalortodoncia.cl\/web\/consulta\/","title":{"rendered":"Consulta"},"content":{"rendered":"\t\t<div data-elementor-type=\"wp-page\" data-elementor-id=\"412\" class=\"elementor elementor-412\">\n\t\t\t\t\t\t<section class=\"elementor-section elementor-top-section elementor-element elementor-element-e5c5bb5 elementor-section-boxed elementor-section-height-default elementor-section-height-default\" data-id=\"e5c5bb5\" data-element_type=\"section\">\n\t\t\t\t\t\t<div class=\"elementor-container elementor-column-gap-default\">\n\t\t\t\t\t<div class=\"elementor-column elementor-col-100 elementor-top-column elementor-element elementor-element-7aa14cf\" data-id=\"7aa14cf\" data-element_type=\"column\">\n\t\t\t<div class=\"elementor-widget-wrap elementor-element-populated\">\n\t\t\t\t\t\t<div class=\"elementor-element elementor-element-fd6f62c elementor-arrows-position-inside elementor-pagination-position-outside elementor-widget elementor-widget-image-carousel\" data-id=\"fd6f62c\" data-element_type=\"widget\" data-settings=\"{&quot;slides_to_show&quot;:&quot;1&quot;,&quot;navigation&quot;:&quot;both&quot;,&quot;autoplay&quot;:&quot;yes&quot;,&quot;pause_on_hover&quot;:&quot;yes&quot;,&quot;pause_on_interaction&quot;:&quot;yes&quot;,&quot;autoplay_speed&quot;:5000,&quot;infinite&quot;:&quot;yes&quot;,&quot;effect&quot;:&quot;slide&quot;,&quot;speed&quot;:500}\" data-widget_type=\"image-carousel.default\">\n\t\t\t\t<div class=\"elementor-widget-container\">\n\t\t\t\t\t\t\t<div class=\"elementor-image-carousel-wrapper swiper\" role=\"region\" aria-roledescription=\"carousel\" aria-label=\"Carrusel de im\u00e1genes\" dir=\"ltr\">\n\t\t\t<div class=\"elementor-image-carousel swiper-wrapper swiper-image-stretch\" aria-live=\"off\">\n\t\t\t\t\t\t\t\t<div class=\"swiper-slide\" role=\"group\" aria-roledescription=\"slide\" aria-label=\"1 de 3\"><figure class=\"swiper-slide-inner\"><img decoding=\"async\" class=\"swiper-slide-image\" src=\"https:\/\/www.neodentalortodoncia.cl\/web\/wp-content\/uploads\/2021\/12\/rie.png\" alt=\"rie\" \/><\/figure><\/div><div class=\"swiper-slide\" role=\"group\" aria-roledescription=\"slide\" aria-label=\"2 de 3\"><figure class=\"swiper-slide-inner\"><img decoding=\"async\" class=\"swiper-slide-image\" src=\"https:\/\/www.neodentalortodoncia.cl\/web\/wp-content\/uploads\/2021\/12\/header-consulta.jpg\" alt=\"header-consulta\" \/><\/figure><\/div><div class=\"swiper-slide\" role=\"group\" aria-roledescription=\"slide\" aria-label=\"3 de 3\"><figure class=\"swiper-slide-inner\"><img decoding=\"async\" class=\"swiper-slide-image\" src=\"https:\/\/www.neodentalortodoncia.cl\/web\/wp-content\/uploads\/2021\/12\/header-sorpresa.jpg\" alt=\"header-sorpresa\" \/><\/figure><\/div>\t\t\t<\/div>\n\t\t\t\t\t\t\t\t\t\t\t\t<div class=\"elementor-swiper-button elementor-swiper-button-prev\" role=\"button\" tabindex=\"0\">\n\t\t\t\t\t\t<i aria-hidden=\"true\" class=\"eicon-chevron-left\"><\/i>\t\t\t\t\t<\/div>\n\t\t\t\t\t<div class=\"elementor-swiper-button elementor-swiper-button-next\" role=\"button\" tabindex=\"0\">\n\t\t\t\t\t\t<i aria-hidden=\"true\" class=\"eicon-chevron-right\"><\/i>\t\t\t\t\t<\/div>\n\t\t\t\t\n\t\t\t\t\t\t\t\t\t<div class=\"swiper-pagination\"><\/div>\n\t\t\t\t\t\t\t\t\t<\/div>\n\t\t\t\t\t\t<\/div>\n\t\t\t\t<\/div>\n\t\t\t\t\t<\/div>\n\t\t<\/div>\n\t\t\t\t\t<\/div>\n\t\t<\/section>\n\t\t\t\t<section class=\"elementor-section elementor-top-section elementor-element elementor-element-775a08e elementor-section-boxed elementor-section-height-default elementor-section-height-default\" data-id=\"775a08e\" data-element_type=\"section\">\n\t\t\t\t\t\t<div class=\"elementor-container elementor-column-gap-default\">\n\t\t\t\t\t<div class=\"elementor-column elementor-col-50 elementor-top-column elementor-element elementor-element-b2cb18b\" data-id=\"b2cb18b\" data-element_type=\"column\">\n\t\t\t<div class=\"elementor-widget-wrap elementor-element-populated\">\n\t\t\t\t\t\t<div class=\"elementor-element elementor-element-ebcdf37 elementor-widget elementor-widget-image\" data-id=\"ebcdf37\" data-element_type=\"widget\" data-widget_type=\"image.default\">\n\t\t\t\t<div class=\"elementor-widget-container\">\n\t\t\t\t\t\t\t\t\t\t\t\t\t\t\t<img fetchpriority=\"high\" decoding=\"async\" width=\"509\" height=\"382\" src=\"https:\/\/www.neodentalortodoncia.cl\/web\/wp-content\/uploads\/2021\/12\/consultad3.jpg\" class=\"attachment-large size-large wp-image-420\" alt=\"\" srcset=\"https:\/\/www.neodentalortodoncia.cl\/web\/wp-content\/uploads\/2021\/12\/consultad3.jpg 509w, https:\/\/www.neodentalortodoncia.cl\/web\/wp-content\/uploads\/2021\/12\/consultad3-300x225.jpg 300w\" sizes=\"(max-width: 509px) 100vw, 509px\" \/>\t\t\t\t\t\t\t\t\t\t\t\t\t\t\t<\/div>\n\t\t\t\t<\/div>\n\t\t\t\t<div class=\"elementor-element elementor-element-d32d718 elementor-widget elementor-widget-image\" data-id=\"d32d718\" data-element_type=\"widget\" data-widget_type=\"image.default\">\n\t\t\t\t<div class=\"elementor-widget-container\">\n\t\t\t\t\t\t\t\t\t\t\t\t\t\t\t<img decoding=\"async\" width=\"825\" height=\"549\" src=\"https:\/\/www.neodentalortodoncia.cl\/web\/wp-content\/uploads\/2021\/12\/CLINICA-DE-ENTRADA-1-1024x682.jpg\" class=\"attachment-large size-large wp-image-421\" alt=\"\" srcset=\"https:\/\/www.neodentalortodoncia.cl\/web\/wp-content\/uploads\/2021\/12\/CLINICA-DE-ENTRADA-1-1024x682.jpg 1024w, https:\/\/www.neodentalortodoncia.cl\/web\/wp-content\/uploads\/2021\/12\/CLINICA-DE-ENTRADA-1-300x200.jpg 300w, https:\/\/www.neodentalortodoncia.cl\/web\/wp-content\/uploads\/2021\/12\/CLINICA-DE-ENTRADA-1-768x512.jpg 768w, https:\/\/www.neodentalortodoncia.cl\/web\/wp-content\/uploads\/2021\/12\/CLINICA-DE-ENTRADA-1.jpg 1400w\" sizes=\"(max-width: 825px) 100vw, 825px\" \/>\t\t\t\t\t\t\t\t\t\t\t\t\t\t\t<\/div>\n\t\t\t\t<\/div>\n\t\t\t\t\t<\/div>\n\t\t<\/div>\n\t\t\t\t<div class=\"elementor-column elementor-col-50 elementor-top-column elementor-element elementor-element-99270d6\" data-id=\"99270d6\" data-element_type=\"column\">\n\t\t\t<div class=\"elementor-widget-wrap elementor-element-populated\">\n\t\t\t\t\t\t<div class=\"elementor-element elementor-element-cadf85c elementor-widget elementor-widget-text-editor\" data-id=\"cadf85c\" data-element_type=\"widget\" data-widget_type=\"text-editor.default\">\n\t\t\t\t<div class=\"elementor-widget-container\">\n\t\t\t\t\t\t\t\t\t<p>\u00a0Junto con saludarle nos presentamos: somos <strong>Neodental Ortodoncia<\/strong>, una consulta dental particular enfocada en los tratamientos de ortodoncia y ortopedia dentomaxilar (frenillos) a Precio Justo.<\/p><p>Brindamos soluciones est\u00e9ticas y funcionales a pacientes que requieren tratamiento de ortodoncia (frenillos), cirug\u00edas ortogn\u00e1ticas, ortopedia dentomaxilar (correcci\u00f3n de anomal\u00edas en ni\u00f1os), est\u00e9tica (limpiezas, blanqueamientos) y tratamiento de la articulaci\u00f3n t\u00e9mporo mandibular (disfunci\u00f3n, bruxismo). Adem\u00e1s de Operatoria (Caries, Restauraciones), Inplantes dentarios, Rehabilitaci\u00f3n (carillas, coronas etc.)<\/p><p>Todos nuestros profesionales tienen a\u00f1os de experiencia en sus especialidades y cuentan con un fuerte compromiso social y profesional.<\/p><p>Todos los ortodoncistas de <strong>Neodental Ortodoncia<\/strong> estudiaron su especialidad en universidades autorizadas y aceptadas por la Sociedad de ortodoncia de Chile, que es la UNICA entidad en Chile que tiene la facultad de regular la especialidad.<\/p><p>Adem\u00e1s, todos ellos pertenecen a la Sociedad de Ortodoncia y varios son docentes de la c\u00e1tedra de ortodoncia en distintas universidades.<\/p><p>A cada paciente se le realiza un estudio adecuado y necesario para un buen diagn\u00f3stico y plan de tratamiento. Se piden las radiograf\u00edas adecuadas , se fabrica una ficha cl\u00ednica, se toman fotograf\u00edas intra y extraorales y se confeccionan modelos diagn\u00f3sticos. Durante el tratamiento se va reestudiando cada caso.<\/p><p>Adem\u00e1s tratamientos son revisados en reuniones cl\u00ednicas entre profesionales, para brindar la mayor seguridad y profesionalismo a nuestros pacientes.<\/p><p>Utilizamos materiales de la mejor calidad, certificados por la ADA.<\/p>\t\t\t\t\t\t\t\t<\/div>\n\t\t\t\t<\/div>\n\t\t\t\t\t<\/div>\n\t\t<\/div>\n\t\t\t\t\t<\/div>\n\t\t<\/section>\n\t\t\t\t<section class=\"elementor-section elementor-top-section elementor-element elementor-element-a3aa37b elementor-section-boxed elementor-section-height-default elementor-section-height-default\" data-id=\"a3aa37b\" data-element_type=\"section\">\n\t\t\t\t\t\t<div class=\"elementor-container elementor-column-gap-default\">\n\t\t\t\t\t<div class=\"elementor-column elementor-col-50 elementor-top-column elementor-element elementor-element-b191ced\" data-id=\"b191ced\" data-element_type=\"column\">\n\t\t\t<div class=\"elementor-widget-wrap elementor-element-populated\">\n\t\t\t\t\t\t<div class=\"elementor-element elementor-element-e8a6e33 elementor-widget elementor-widget-image\" data-id=\"e8a6e33\" data-element_type=\"widget\" data-widget_type=\"image.default\">\n\t\t\t\t<div class=\"elementor-widget-container\">\n\t\t\t\t\t\t\t\t\t\t\t\t\t\t\t<img decoding=\"async\" width=\"220\" height=\"293\" src=\"https:\/\/www.neodentalortodoncia.cl\/web\/wp-content\/uploads\/2021\/12\/10487416_636446223152177_8698014969452192965_n.jpg\" class=\"attachment-medium size-medium wp-image-423\" alt=\"\" \/>\t\t\t\t\t\t\t\t\t\t\t\t\t\t\t<\/div>\n\t\t\t\t<\/div>\n\t\t\t\t<div class=\"elementor-element elementor-element-80f186c elementor-widget elementor-widget-image\" data-id=\"80f186c\" data-element_type=\"widget\" data-widget_type=\"image.default\">\n\t\t\t\t<div class=\"elementor-widget-container\">\n\t\t\t\t\t\t\t\t\t\t\t\t\t\t\t<img loading=\"lazy\" decoding=\"async\" width=\"225\" height=\"300\" src=\"https:\/\/www.neodentalortodoncia.cl\/web\/wp-content\/uploads\/2021\/12\/10309483_636448559818610_5324237296915334242_n-225x300.jpg\" class=\"attachment-medium size-medium wp-image-582\" alt=\"\" srcset=\"https:\/\/www.neodentalortodoncia.cl\/web\/wp-content\/uploads\/2021\/12\/10309483_636448559818610_5324237296915334242_n-225x300.jpg 225w, https:\/\/www.neodentalortodoncia.cl\/web\/wp-content\/uploads\/2021\/12\/10309483_636448559818610_5324237296915334242_n.jpg 250w\" sizes=\"(max-width: 225px) 100vw, 225px\" \/>\t\t\t\t\t\t\t\t\t\t\t\t\t\t\t<\/div>\n\t\t\t\t<\/div>\n\t\t\t\t\t<\/div>\n\t\t<\/div>\n\t\t\t\t<div class=\"elementor-column elementor-col-50 elementor-top-column elementor-element elementor-element-78369d6\" data-id=\"78369d6\" data-element_type=\"column\">\n\t\t\t<div class=\"elementor-widget-wrap elementor-element-populated\">\n\t\t\t\t\t\t<div class=\"elementor-element elementor-element-0e2c198 elementor-widget elementor-widget-text-editor\" data-id=\"0e2c198\" data-element_type=\"widget\" data-widget_type=\"text-editor.default\">\n\t\t\t\t<div class=\"elementor-widget-container\">\n\t\t\t\t\t\t\t\t\t<p class=\"texto\" align=\"justify\">De esa manera le damos la tranquilidad que el paciente es tratado\u00a0<strong>personalizadamente\u00a0<\/strong>aplicando\u00a0<strong>tecnolog\u00eda y conocimiento<\/strong>\u00a0para obtener resultados\u00a0<strong>est\u00e9tica y funcionalmente favorable.<\/strong>\u00a0Y lo m\u00e1s importante:\u00a0<strong>estables y duraderos<\/strong> en el tiempo.\u00a0<\/p><p class=\"texto\">Venga a su\u00a0<strong>evaluaci\u00f3n gratuita\u00a0<\/strong>(no requiere interconsulta) y conozca nuestra acogedora cl\u00ednica y a nuestros profesionales de excelencia. No se arrepentir\u00e1. Un saludo cordial,<\/p><p class=\"titulo Estilo4\" align=\"center\">Equipo Neodental Ortodoncia<\/p><p class=\"Estilo5\" align=\"center\">Whassap +56 9 7103 9347, Jos\u00e9 Arrieta 5932-D, La Reina, Metro Orientales.<\/p>\t\t\t\t\t\t\t\t<\/div>\n\t\t\t\t<\/div>\n\t\t\t\t\t<\/div>\n\t\t<\/div>\n\t\t\t\t\t<\/div>\n\t\t<\/section>\n\t\t\t\t<\/div>\n\t\t","protected":false},"excerpt":{"rendered":"<p>\u00a0Junto con saludarle nos presentamos: somos Neodental Ortodoncia, una consulta dental particular enfocada en los tratamientos de ortodoncia y ortopedia dentomaxilar (frenillos) a Precio Justo. Brindamos soluciones est\u00e9ticas y funcionales a pacientes que requieren tratamiento de ortodoncia (frenillos), cirug\u00edas ortogn\u00e1ticas, ortopedia dentomaxilar (correcci\u00f3n de anomal\u00edas en ni\u00f1os), est\u00e9tica (limpiezas, blanqueamientos) y tratamiento de la articulaci\u00f3n &#8230; <a title=\"Consulta\" class=\"read-more\" href=\"https:\/\/www.neodentalortodoncia.cl\/web\/consulta\/\" aria-label=\"M\u00e1s en Consulta\">Leer m\u00e1s<\/a><\/p>\n","protected":false},"author":1,"featured_media":0,"parent":0,"menu_order":0,"comment_status":"closed","ping_status":"closed","template":"elementor_header_footer","meta":{"_joinchat":[],"footnotes":""},"class_list":["post-412","page","type-page","status-publish"],"_links":{"self":[{"href":"https:\/\/www.neodentalortodoncia.cl\/web\/wp-json\/wp\/v2\/pages\/412","targetHints":{"allow":["GET"]}}],"collection":[{"href":"https:\/\/www.neodentalortodoncia.cl\/web\/wp-json\/wp\/v2\/pages"}],"about":[{"href":"https:\/\/www.neodentalortodoncia.cl\/web\/wp-json\/wp\/v2\/types\/page"}],"author":[{"embeddable":true,"href":"https:\/\/www.neodentalortodoncia.cl\/web\/wp-json\/wp\/v2\/users\/1"}],"replies":[{"embeddable":true,"href":"https:\/\/www.neodentalortodoncia.cl\/web\/wp-json\/wp\/v2\/comments?post=412"}],"version-history":[{"count":10,"href":"https:\/\/www.neodentalortodoncia.cl\/web\/wp-json\/wp\/v2\/pages\/412\/revisions"}],"predecessor-version":[{"id":1164,"href":"https:\/\/www.neodentalortodoncia.cl\/web\/wp-json\/wp\/v2\/pages\/412\/revisions\/1164"}],"wp:attachment":[{"href":"https:\/\/www.neodentalortodoncia.cl\/web\/wp-json\/wp\/v2\/media?parent=412"}],"curies":[{"name":"wp","href":"https:\/\/api.w.org\/{rel}","templated":true}]}}